{"id":254,"date":"2025-02-22T12:45:40","date_gmt":"2025-02-22T12:45:40","guid":{"rendered":"https:\/\/ajax.kiepurning.de\/?page_id=254"},"modified":"2025-02-22T12:45:40","modified_gmt":"2025-02-22T12:45:40","slug":"home-francais","status":"publish","type":"page","link":"https:\/\/ajax.kiepurning.de\/?page_id=254&lang=fr","title":{"rendered":"Home &#8211; Fran\u00e7ais"},"content":{"rendered":"","protected":false},"excerpt":{"rendered":"","protected":false},"author":1,"featured_media":0,"parent":0,"menu_order":0,"comment_status":"closed","ping_status":"closed","template":"","meta":{"_monsterinsights_skip_tracking":false,"_monsterinsights_sitenote_active":false,"_monsterinsights_sitenote_note":"","_monsterinsights_sitenote_category":0,"_uf_show_specific_survey":0,"_uf_disable_surveys":false,"footnotes":""},"class_list":["post-254","page","type-page","status-publish","hentry"],"yoast_head":"<!-- This site is optimized with the Yoast SEO Premium plugin v22.6 (Yoast SEO v22.6) - https:\/\/yoast.com\/wordpress\/plugins\/seo\/ -->\n<title>Home - Fran\u00e7ais | AJAX by KS<\/title>\n<meta name=\"robots\" content=\"index, follow, max-snippet:-1, max-image-preview:large, max-video-preview:-1\" \/>\n<link rel=\"canonical\" href=\"https:\/\/ajax.kiepurning.de\/?page_id=254&lang=fr\" \/>\n<meta property=\"og:locale\" content=\"de_DE\" \/>\n<meta property=\"og:type\" content=\"article\" \/>\n<meta property=\"og:title\" content=\"Home - Fran\u00e7ais\" \/>\n<meta property=\"og:url\" content=\"https:\/\/ajax.kiepurning.de\/?page_id=254&amp;lang=fr\" \/>\n<meta property=\"og:site_name\" content=\"AJAX by KS\" \/>\n<meta name=\"twitter:card\" content=\"summary_large_image\" \/>\n<script type=\"application\/ld+json\" class=\"yoast-schema-graph\">{\"@context\":\"https:\/\/schema.org\",\"@graph\":[{\"@type\":\"WebPage\",\"@id\":\"https:\/\/ajax.kiepurning.de\/?page_id=254&lang=fr\",\"url\":\"https:\/\/ajax.kiepurning.de\/?page_id=254&lang=fr\",\"name\":\"Home - Fran\u00e7ais | AJAX by KS\",\"isPartOf\":{\"@id\":\"https:\/\/ajax.kiepurning.de\/#website\"},\"datePublished\":\"2025-02-22T12:45:40+00:00\",\"dateModified\":\"2025-02-22T12:45:40+00:00\",\"breadcrumb\":{\"@id\":\"https:\/\/ajax.kiepurning.de\/?page_id=254&lang=fr#breadcrumb\"},\"inLanguage\":\"de\",\"potentialAction\":[{\"@type\":\"ReadAction\",\"target\":[\"https:\/\/ajax.kiepurning.de\/?page_id=254&lang=fr\"]}]},{\"@type\":\"BreadcrumbList\",\"@id\":\"https:\/\/ajax.kiepurning.de\/?page_id=254&lang=fr#breadcrumb\",\"itemListElement\":[{\"@type\":\"ListItem\",\"position\":1,\"name\":\"Home\",\"item\":\"https:\/\/ajax.kiepurning.de\/\"},{\"@type\":\"ListItem\",\"position\":2,\"name\":\"Home &#8211; Fran\u00e7ais\"}]},{\"@type\":\"WebSite\",\"@id\":\"https:\/\/ajax.kiepurning.de\/#website\",\"url\":\"https:\/\/ajax.kiepurning.de\/\",\"name\":\"AJAX bx KIEPURNING Systems\",\"description\":\"ALARMANLAGEN | VIDEO\u00dcBERWACHUNG\",\"publisher\":{\"@id\":\"https:\/\/ajax.kiepurning.de\/#organization\"},\"alternateName\":\"KIEPURNING Systems\",\"potentialAction\":[{\"@type\":\"SearchAction\",\"target\":{\"@type\":\"EntryPoint\",\"urlTemplate\":\"https:\/\/ajax.kiepurning.de\/?s={search_term_string}\"},\"query-input\":\"required name=search_term_string\"}],\"inLanguage\":\"de\"},{\"@type\":[\"Organization\",\"Place\"],\"@id\":\"https:\/\/ajax.kiepurning.de\/#organization\",\"name\":\"KIEPURNING Systems | Alarmsysteme, Video\u00fcberwachung\",\"alternateName\":\"KIEPURNING Systems\",\"url\":\"https:\/\/ajax.kiepurning.de\/\",\"logo\":{\"@id\":\"https:\/\/ajax.kiepurning.de\/?page_id=254&lang=fr#local-main-organization-logo\"},\"image\":{\"@id\":\"https:\/\/ajax.kiepurning.de\/?page_id=254&lang=fr#local-main-organization-logo\"},\"description\":\"Beratung, Planung, Montage \/ Installation und Support von Modernem Einbruchschutz. Wir beraten, installieren und bieten Support & Service in den Bereichen Video\u00fcberwachung und Alarmanlagen. Zu unseren Kunden z\u00e4hlen Privathaushalte, Firmen und Industrie. Wir sichern Geb\u00e4ude und Au\u00dfengel\u00e4nde gegen Diebstahl, Vandalismus, Brand und Wassersch\u00e4den ab.\",\"legalName\":\"KIEPURNING Systems\",\"foundingDate\":\"2005-07-11\",\"publishingPrinciples\":\"https:\/\/ajax.kiepurning.de\/\",\"address\":{\"@id\":\"https:\/\/ajax.kiepurning.de\/?page_id=254&lang=fr#local-main-place-address\"},\"telephone\":[\"068349499944\"],\"openingHoursSpecification\":[{\"@type\":\"OpeningHoursSpecification\",\"dayOfWeek\":[\"Monday\",\"Tuesday\",\"Wednesday\",\"Thursday\",\"Friday\",\"Saturday\",\"Sunday\"],\"opens\":\"09:00\",\"closes\":\"17:00\"}],\"email\":\"info@kiepurning.de\",\"faxNumber\":\"KIEPURNING Systems | Alarmsysteme, Video\u00fcberwachung\"},{\"@type\":\"PostalAddress\",\"@id\":\"https:\/\/ajax.kiepurning.de\/?page_id=254&lang=fr#local-main-place-address\",\"streetAddress\":\"Im Pfaffenacker\",\"addressLocality\":\"Schwalbach\",\"postalCode\":\"66773\",\"addressRegion\":\"Deutschland\",\"addressCountry\":\"DE\"},{\"@type\":\"ImageObject\",\"inLanguage\":\"de\",\"@id\":\"https:\/\/ajax.kiepurning.de\/?page_id=254&lang=fr#local-main-organization-logo\",\"url\":\"https:\/\/ajax.kiepurning.de\/wp-content\/uploads\/2023\/09\/NEUES_NEU_LOGO_dunkel.webp\",\"contentUrl\":\"https:\/\/ajax.kiepurning.de\/wp-content\/uploads\/2023\/09\/NEUES_NEU_LOGO_dunkel.webp\",\"width\":1772,\"height\":621,\"caption\":\"KIEPURNING Systems | Alarmsysteme, Video\u00fcberwachung\"}]}<\/script>\n<meta name=\"geo.placename\" content=\"Schwalbach\" \/>\n<meta name=\"geo.region\" content=\"Deutschland\" \/>\n<!-- \/ Yoast SEO Premium plugin. -->","yoast_head_json":{"title":"Home - Fran\u00e7ais | AJAX by KS","robots":{"index":"index","follow":"follow","max-snippet":"max-snippet:-1","max-image-preview":"max-image-preview:large","max-video-preview":"max-video-preview:-1"},"canonical":"https:\/\/ajax.kiepurning.de\/?page_id=254&lang=fr","og_locale":"de_DE","og_type":"article","og_title":"Home - Fran\u00e7ais","og_url":"https:\/\/ajax.kiepurning.de\/?page_id=254&lang=fr","og_site_name":"AJAX by KS","twitter_card":"summary_large_image","schema":{"@context":"https:\/\/schema.org","@graph":[{"@type":"WebPage","@id":"https:\/\/ajax.kiepurning.de\/?page_id=254&lang=fr","url":"https:\/\/ajax.kiepurning.de\/?page_id=254&lang=fr","name":"Home - Fran\u00e7ais | AJAX by KS","isPartOf":{"@id":"https:\/\/ajax.kiepurning.de\/#website"},"datePublished":"2025-02-22T12:45:40+00:00","dateModified":"2025-02-22T12:45:40+00:00","breadcrumb":{"@id":"https:\/\/ajax.kiepurning.de\/?page_id=254&lang=fr#breadcrumb"},"inLanguage":"de","potentialAction":[{"@type":"ReadAction","target":["https:\/\/ajax.kiepurning.de\/?page_id=254&lang=fr"]}]},{"@type":"BreadcrumbList","@id":"https:\/\/ajax.kiepurning.de\/?page_id=254&lang=fr#breadcrumb","itemListElement":[{"@type":"ListItem","position":1,"name":"Home","item":"https:\/\/ajax.kiepurning.de\/"},{"@type":"ListItem","position":2,"name":"Home &#8211; Fran\u00e7ais"}]},{"@type":"WebSite","@id":"https:\/\/ajax.kiepurning.de\/#website","url":"https:\/\/ajax.kiepurning.de\/","name":"AJAX bx KIEPURNING Systems","description":"ALARMANLAGEN | VIDEO\u00dcBERWACHUNG","publisher":{"@id":"https:\/\/ajax.kiepurning.de\/#organization"},"alternateName":"KIEPURNING Systems","potentialAction":[{"@type":"SearchAction","target":{"@type":"EntryPoint","urlTemplate":"https:\/\/ajax.kiepurning.de\/?s={search_term_string}"},"query-input":"required name=search_term_string"}],"inLanguage":"de"},{"@type":["Organization","Place"],"@id":"https:\/\/ajax.kiepurning.de\/#organization","name":"KIEPURNING Systems | Alarmsysteme, Video\u00fcberwachung","alternateName":"KIEPURNING Systems","url":"https:\/\/ajax.kiepurning.de\/","logo":{"@id":"https:\/\/ajax.kiepurning.de\/?page_id=254&lang=fr#local-main-organization-logo"},"image":{"@id":"https:\/\/ajax.kiepurning.de\/?page_id=254&lang=fr#local-main-organization-logo"},"description":"Beratung, Planung, Montage \/ Installation und Support von Modernem Einbruchschutz. Wir beraten, installieren und bieten Support & Service in den Bereichen Video\u00fcberwachung und Alarmanlagen. Zu unseren Kunden z\u00e4hlen Privathaushalte, Firmen und Industrie. Wir sichern Geb\u00e4ude und Au\u00dfengel\u00e4nde gegen Diebstahl, Vandalismus, Brand und Wassersch\u00e4den ab.","legalName":"KIEPURNING Systems","foundingDate":"2005-07-11","publishingPrinciples":"https:\/\/ajax.kiepurning.de\/","address":{"@id":"https:\/\/ajax.kiepurning.de\/?page_id=254&lang=fr#local-main-place-address"},"telephone":["068349499944"],"openingHoursSpecification":[{"@type":"OpeningHoursSpecification","dayOfWeek":["Monday","Tuesday","Wednesday","Thursday","Friday","Saturday","Sunday"],"opens":"09:00","closes":"17:00"}],"email":"info@kiepurning.de","faxNumber":"KIEPURNING Systems | Alarmsysteme, Video\u00fcberwachung"},{"@type":"PostalAddress","@id":"https:\/\/ajax.kiepurning.de\/?page_id=254&lang=fr#local-main-place-address","streetAddress":"Im Pfaffenacker","addressLocality":"Schwalbach","postalCode":"66773","addressRegion":"Deutschland","addressCountry":"DE"},{"@type":"ImageObject","inLanguage":"de","@id":"https:\/\/ajax.kiepurning.de\/?page_id=254&lang=fr#local-main-organization-logo","url":"https:\/\/ajax.kiepurning.de\/wp-content\/uploads\/2023\/09\/NEUES_NEU_LOGO_dunkel.webp","contentUrl":"https:\/\/ajax.kiepurning.de\/wp-content\/uploads\/2023\/09\/NEUES_NEU_LOGO_dunkel.webp","width":1772,"height":621,"caption":"KIEPURNING Systems | Alarmsysteme, Video\u00fcberwachung"}]},"geo.placename":"Schwalbach","geo.region":"Deutschland"},"_links":{"self":[{"href":"https:\/\/ajax.kiepurning.de\/index.php?rest_route=\/wp\/v2\/pages\/254","targetHints":{"allow":["GET"]}}],"collection":[{"href":"https:\/\/ajax.kiepurning.de\/index.php?rest_route=\/wp\/v2\/pages"}],"about":[{"href":"https:\/\/ajax.kiepurning.de\/index.php?rest_route=\/wp\/v2\/types\/page"}],"author":[{"embeddable":true,"href":"https:\/\/ajax.kiepurning.de\/index.php?rest_route=\/wp\/v2\/users\/1"}],"replies":[{"embeddable":true,"href":"https:\/\/ajax.kiepurning.de\/index.php?rest_route=%2Fwp%2Fv2%2Fcomments&post=254"}],"version-history":[{"count":0,"href":"https:\/\/ajax.kiepurning.de\/index.php?rest_route=\/wp\/v2\/pages\/254\/revisions"}],"wp:attachment":[{"href":"https:\/\/ajax.kiepurning.de\/index.php?rest_route=%2Fwp%2Fv2%2Fmedia&parent=254"}],"curies":[{"name":"wp","href":"https:\/\/api.w.org\/{rel}","templated":true}]}}